t r(i) = -5*i - 17. Let a(v) = 3*v + 9. Let m(y) = 7*a(y) + 4*r(y). Give m(0).
-5
Suppose -6 = 2*m + 6. Let v(k) = 4*k + 7. What is v(m)?
-17
Suppose -2*q + 0*q = -4. Let d(s) be the third derivative of -s**4/24 + s**3/6 + s**2. Let n be d(q). Let j(o) = -3*o**3 + o. What is j(n)?
2
Let l be (24/(-10))/(3/(-10)). Suppose f - s = s - l, -3*f + 16 = 4*s. Let o(x) = x**3 + x + 10. Determine o(f).
10
Suppose 0 = 3*w - 4*w + 7. Let m = -8 + w. Let h(z) = -7*z**3 - z. Give h(m).
8
Let v(r) = 6*r - 3. Let j(g) = 16*g - 8. Let h(d) = -4*j(d) + 11*v(d). Determine h(2).
3
Let f(h) = -h**2 - 5*h - 3. Let c be 0/(-2 + 1 + 0). Suppose 4*w + 5*y - 3*y + 22 = c, -y = 1. What is f(w)?
-3
Let w(l) = l**3 + 5*l**2 + l - 1. Suppose r = 3*k + 11, 4*k - 3*r - 17 = 5*k. Let u be k + (-4)/4 + 1. Give w(u).
-6
Let u(i) = 36*i + 2*i**3 - 38*i - 7*i**2 + 2*i**2 - 3*i**3. Determine u(-4).
-8
Let n(i) be the second derivative of -i**4/12 + i**3/6 + 3*i**2 + 2*i. What is n(0)?
6
Let x(l) = -2*l**2 - 4*l - 4. Let v be x(-3). Let m be (-12)/(-30) - (-14)/v. Let s(i) be the first derivative of -i**3/3 - i**2/2 + i - 2. Give s(m).
1
Let c(s) be the third derivative of s**8/20160 - s**7/2520 - s**6/720 - s**5/20 + 3*s**2. Let r(g) be the third derivative of c(g). Calculate r(-2).
7
Let m(p) = -p**2 + 8*p + 2. Let i be m(8). Let r(b) = -b - b**3 + 2*b**2 - b**2 - 2*b**i. Let k be ((-1)/3)/(2/6). Determine r(k).
1
Let g(a) = -13*a - 106. Let u be g(-8). Let q(t) = 6*t + 3. What is q(u)?
-9
Let y(c) = c + 3*c - 58 + 56. Determine y(-2).
-10
Let o be (-10)/(((-4)/2)/1). Let h(u) be the second derivative of -u**5/20 + 5*u**4/12 + u**3/6 + u**2 - 10*u + 4. What is h(o)?
7
Let n(k) = -k**2 + 7 + 0*k**2 - k**2 + k**2. Give n(0).
7
Let h(r) be the first derivative of -r**2 + 9*r + 2. Give h(8).
-7
Let v(i) = -i**3 + 4*i**2 + 3. Let k be v(4). Let l(j) = 5*j**2 + 0*j**k - j**3 + 2*j**3 + 3. Give l(-5).
3
Let h(s) = -s**3 + 3*s**2 + 2*s. Let t(o) = -2*o - 1. Let k be t(2). Let g(n) = n**3 - 5*n**2 + 7*n - 4. Let y be g(4). Let d = y + k. Determine h(d).
6
Let g(n) be the second derivative of n**5/20 - n**4/3 - 5*n**3/6 - 3*n**2/2 + 10*n. What is g(5)?
-3
Let d(h) = 6 - 3 - h**2 + 2*h**2 - h. Let r = -14 - -17. What is d(r)?
9
Let n(q) be the third derivative of q**4/24 - q**3/6 + 4*q**2. Let z be (0 + 1)*1*4. Give n(z).
3
Let o(i) = 3*i - 22. Let x be o(6). Let s(h) = h + 1. Determine s(x).
-3
Let h(j) = 9*j - 1. Suppose 0 = -5*k - 0*k - 5. Determine h(k).
-10
Let j(q) = -2*q**2 + 8*q + 1. Let y(a) = 3*a**2 - 15*a - 1. Let m(z) = -5*j(z) - 3*y(z). Determine m(-6).
4
Let v(o) = o**3 - 6*o**2 + 4. Let y be (-2)/(10 - 0) - 372/(-60). Give v(y).
4
Let x = 7 + -5. Let q(w) = -w + w**2 + 7 + 0*w - 2*w**x + 6*w. What is q(5)?
7
Suppose 3*k - 2*j = 7, k + 6*j = j + 8. Suppose -k*f = 2*f - 25. Let p(s) be the third derivative of s**6/120 - s**5/12 - s**3/2 - 3*s**2. Determine p(f).
-3
Let w be (-4)/(-6)*(-12)/2. Let s = w - -6. Let c(t) = -t + 5*t**2 - t**2 - 2 - 3*t**s. Give c(0).
-2
Let l(b) = -b**2 - 5*b + 4. Let p be l(-5). Suppose 16 - 4 = p*z. Let u(a) = a**3 - 3*a**2 + a + 3. Give u(z).
6
Let o(z) = -4 + 5*z + z - 5*z + 9. What is o(-6)?
-1
Let s(f) be the first derivative of 9*f**2 + f - 2. Calculate s(-1).
-17
Suppose 0 = 2*m + 4, 3*t - 2*m + 26 = 6*t. Suppose -b + 2*b - t = 0. Let j(f) = -b + f + 5 + 1. What is j(5)?
1
Suppose 5*j + 2*n - 10 = 0, 0*n = -2*j + 2*n - 10. Suppose -5*a - 22 + 2 = j. Let k(o) = 2*o + 1. What is k(a)?
-7
Suppose 4*l + 8 = -0*l. Let x(c) = -c + 7. Let v(o) = -4. Let p(m) = -5*v(m) - 3*x(m). Determine p(l).
-7
Suppose 0 = -z + 1 + 2. Let w(c) = c**2 + 3*c + c - 1 - z*c + 0. Let t = 5 + -8. Determine w(t).
5
Let i(n) be the first derivative of -n**4/4 + 2*n**3 - 3*n**2/2 - n + 1. Let q(c) = 0*c**2 - 1 + 5*c**2 - 4*c**2 - c**3. Let o(j) = -i(j) + 2*q(j). Give o(-5).
9
Suppose -2*q = -8*d + 3*d + 35, -5*d - 4*q = -5. Suppose 0 = d*f - 12 - 13. Let j(l) = l**2 - 4*l + 3. Determine j(f).
8
Suppose 0*c = -4*c + 24. Suppose 4*l - l = c. Let x(t) = t**2 - 1. Give x(l).
3
Let s(h) = h**2 + h - 7. Let v(f) = f**3 + 2*f**2 - 5*f - 6. Let z be v(-3). Calculate s(z).
-7
Let p(a) be the third derivative of a**6/120 + a**5/10 - a**4/12 - 7*a**3/6 + 6*a**2. Let v be 2/(-5) - (-28)/(-5). Give p(v).
5
Let k = -192 - -188. Let m(r) = 4*r - 2*r - 3 - r. Determine m(k).
-7
Let f(y) = 8 + 7 - 3*y**2 + 2*y**2 - 13. Suppose 0 = 3*p + 3*z + 9, -p - z = -6*p + 3. What is f(p)?
2
Let g = 1 + 1. Let r be 9/(-2) + g/(-4). Let u(h) = h**2 + 5*h. Calculate u(r).
0
Let r(l) = -l + 8. Let m be r(0). Let x(i) = 5*i**2 - 17*i + 8. Let k(d) = 2*d**2 - 6*d + 3. Let t(n) = m*k(n) - 3*x(n). What is t(-2)?
-2
Let c be (-7)/14*(-6)/(-1). Let p(y) = 4*y - 2. Let x(l) = 5*l - 3. Let j(v) = -6*p(v) + 5*x(v). Determine j(c).
-6
Let m(y) be the second derivative of y**5/20 + y**4/12 - y**3/6 + 10*y. Give m(2).
10
Let x be (-8 - -1)*(-1 - 0). Let o be ((-8)/(-10))/((-10)/50). Let w = x + o. Let k(i) = i**3 - 2*i**2 - i + 2. Calculate k(w).
8
Let f be (1 + 7/(-2) + 2)*-4. Let o(s) be the second derivative of 1/3*s**3 + s**f - s + 0. What is o(-4)?
-6
Let i(u) = -u - 3. Let a(z) = -4*z - 19. Let h(q) = -2*q - 9. Let t(m) = 2*a(m) - 5*h(m). Let r(c) = 9*i(c) + 4*t(c). Give r(1).
0
Let u be (6/10 - 0)*-5. Let j(h) = h + 4 + 1 - 1 - 1. Calculate j(u).
0
Let b(r) = -2*r**2 - 2*r. Let z = 0 + -2. Let a be b(z). Let o(x) = -x - 1. Let d(i) = i. Let k(f) = a*o(f) - 5*d(f). What is k(0)?
4
Suppose -3*o - 2*u = 3 + 5, 2*o + 16 = -4*u. Let p be 5*(16/10 + 0). Let k(i) = i**3 + 2 - i + 0*i**3 - p. Calculate k(o).
-6
Let g(w) = w**2 + 4*w - 1. Suppose 8 = -2*n + 3*n. Let x = n - 4. Let u be 1/4 - 13/x. Determine g(u).
-4
Let c(w) = -w + 4. Suppose 0 = 4*m + 2*t - 10, 5*m - 7 = t + 16. Calculate c(m).
0
Let a(u) = -2*u + 1. Let m(h) = 2*h**2 - 9*h - 9. Let s(w) = w**2 - w - 1. Let f be 3/9 - (-4)/6. Let k(r) = f*m(r) - 3*s(r). Let q be k(-4). What is a(q)?
-3
Let h(q) = 2*q - 3. Let n(j) = 1. Let v(f) = -h(f) - 3*n(f). Give v(-3).
6
Suppose -4 = -2*y + 3*y. Let s(o) = o - 9. Suppose 22 - 6 = -2*p. Let i(f) = -2*f + 26. Let q(j) = p*s(j) - 3*i(j). Give q(y).
2
Let l(w) = -w**2 - 3*w + 1. Let i be l(-2). Let m(s) = -3*s**2 + s**3 + 3 - 7*s**2 + 6*s**2. Determine m(i).
-6
Let q(z) = z**3 - 2*z**2 + z - 3. Let u(t) = -t**3 + t**2 - t - 1. Let h(w) = -q(w) - 2*u(w). Suppose 0 = -3*o + 6*o - v - 3, 0 = 4*v + 12. Determine h(o).
5
Let z(u) = -4*u - 1. Let x be z(-1). Let j be x*(8/(-6) - -3). Let c(y) = -5*y. Let a(n) = 2*n. Let v(d) = -7*a(d) - 3*c(d). Determine v(j).
5
Let x(c) = -20*c + 43*c + 3 - 17*c - c**2. Give x(7).
-4
Let v(k) be the second derivative of k**3/6 - 4*k**2 + 13*k. What is v(8)?
0
Let q be (-4)/(-14) - (-90)/(-21). Let r(x) = x**2 + 3*x. Let v be r(q). Suppose a - 4 = -v*c - c, -4*c - a + 3 = 0. Let m(b) = -5*b**3 + b - 1. What is m(c)?
-5
Let g(l) = -l + 7. Suppose -3*f + 25 = -8*f. Let j = 8 + f. Let w be g(j). Let v(n) = -n**3 + 3*n**2 + 2*n + 3. Calculate v(w).
-5
Suppose -2*u = -39 + 39. Let g(v) = v**3 - v + 5 + v - v**2 - v. What is g(u)?
5
Let w(q) = -2*q + q - 19 + 2*q - q**3 + 7 + q**2. Calculate w(0).
-12
Let n be (5 + -4)/((-1)/2). Let a = 1 - n. Suppose h - a*h = -8. Let u(c) = c + 4. Give u(h).
8
Let o be 60/14 - (-8)/(-28). Suppose -1 = -3*w - o. Let s be w - 1 - (0 - 2). Let j(g) = g + 6. Calculate j(s).
6
Suppose 7*u - 12 = 3*u. Suppose -u*h - 17 = f - 2, -5*f + 5*h = -5. Let p(k) = 2*k**2 + 3*k - 3. Give p(f).
6
Suppose 0 = 3*m - 4*m - 3. Let p be (m - -2) + (-2 - -6). Let n(i) be the third derivative of -i**5/60 + i**4/12 + i**2. What is n(p)?
-3
Let o = 69 - 72. Let a(h) = -h**2 - 6*h - 2. Determine a(o).
7
Suppose 7*k = 4*k + 18. Let b be (-3 + 1)/(3/k). Let n(p) = 5*p + 3. Let l(x) = 2*x + 1. Let o(j) = b*n(j) + 11*l(j). Calculate o(1).
1
Let w(o) = 11*o + 5. Suppose -11 = -2*i + 1. Let n(z) = 23*z + 11. Let b(s) = i*n(s) - 13*w(s). What is b(1)?
-4
Let t(n) be the second derivative of 0 - 1/2*n**2 - 5*n + 1/3*n**4 + 3/20*n**5 + 1/3*n**3. Give t(-2).
-13
Suppose -3*m = m. Let w(q) be the second derivative of 0*q**3 - 1/12*q**4 - 5/2*q**2 + 0 + 1/20*q**5 - q. Determine w(m).
-5
Let m(s) be the third derivative of s**4/24 + s**3/3 - s**2. Suppose 0 = -c - 3*c + 32. Suppose -2*n = -4